{"id":94,"date":"2016-04-05T15:45:45","date_gmt":"2016-04-05T15:45:45","guid":{"rendered":"http:\/\/localhost\/wordpress\/pixgraphy\/?page_id=94"},"modified":"2026-01-11T09:49:30","modified_gmt":"2026-01-11T09:49:30","slug":"contact-us","status":"publish","type":"page","link":"https:\/\/zakopane.franciszkanie.pl\/?page_id=94","title":{"rendered":"Dojazd"},"content":{"rendered":"<p>&nbsp;<\/p>\n<p><a href=\"https:\/\/www.facebook.com\/franciszkanie.zakopane\"><img loading=\"lazy\" decoding=\"async\" class=\"wp-image-506\" src=\"https:\/\/zakopane.franciszkanie.pl\/wp-content\/uploads\/2016\/09\/Zrzut-ekranu-2016-09-14-o-09.55.11.png\" alt=\"zrzut-ekranu-2016-09-14-o-09-55-11\" width=\"35\" height=\"35\" \/><\/a><a href=\"https:\/\/www.google.com\/maps\/place\/Dom+Rekolekcyjno-Wypoczynkowy+%22Kos\u00f3wka%22+-+Franciszkanie\/@49.2821423,19.9404356,17z\/data=!3m1!4b1!4m5!3m4!1s0x4715f2bae5f24fd1:0xc7b73acf5929a7f7!8m2!3d49.2821423!4d19.9426243?hl=pl-PL\">\u00a0<\/a><a href=\"https:\/\/twitter.com\/_OFMConv\"><img loading=\"lazy\" decoding=\"async\" class=\"alignnone wp-image-973\" src=\"https:\/\/zakopane.franciszkanie.pl\/wp-content\/uploads\/2016\/05\/Zrzut-ekranu-2016-12-14-o-00.00.01.png\" alt=\"zrzut-ekranu-2016-12-14-o-00-00-01\" width=\"43\" height=\"35\" \/><\/a><a href=\"https:\/\/www.google.com\/maps\/place\/Dom+Rekolekcyjno-Wypoczynkowy+%22Kos\u00f3wka%22+-+Franciszkanie\/@49.2821423,19.9404356,17z\/data=!3m1!4b1!4m5!3m4!1s0x4715f2bae5f24fd1:0xc7b73acf5929a7f7!8m2!3d49.2821423!4d19.9426243?hl=pl-PL\">\u00a0<\/a><a href=\"https:\/\/www.youtube.com\/channel\/UCJRZbXvrU2SinZr-SUjbCLQ?disable_polymer=true\"><img loading=\"lazy\" decoding=\"async\" class=\"alignnone wp-image-974\" src=\"https:\/\/zakopane.franciszkanie.pl\/wp-content\/uploads\/2016\/05\/Zrzut-ekranu-2016-12-14-o-00.04.01.png\" alt=\"zrzut-ekranu-2016-12-14-o-00-04-01\" width=\"76\" height=\"36\" \/><\/a><\/p>\n<p style=\"text-align: center;\">ul. Str\u0105\u017cyska 29, 34-500 Zakopane<\/p>\n<p><strong>Jak do nas dojecha\u0107?<\/strong><a href=\"https:\/\/goo.gl\/maps\/CCYNURHwDhT2\"><img loading=\"lazy\" decoding=\"async\" class=\"size-full wp-image-1799 aligncenter\" src=\"https:\/\/zakopane.franciszkanie.pl\/wp-content\/uploads\/2019\/03\/Zrzut-ekranu-2019-03-11-o-11.53.28.png\" alt=\"\" width=\"907\" height=\"794\" srcset=\"https:\/\/zakopane.franciszkanie.pl\/wp-content\/uploads\/2019\/03\/Zrzut-ekranu-2019-03-11-o-11.53.28.png 907w, https:\/\/zakopane.franciszkanie.pl\/wp-content\/uploads\/2019\/03\/Zrzut-ekranu-2019-03-11-o-11.53.28-300x263.png 300w, https:\/\/zakopane.franciszkanie.pl\/wp-content\/uploads\/2019\/03\/Zrzut-ekranu-2019-03-11-o-11.53.28-768x672.png 768w\" sizes=\"auto, (max-width: 907px) 100vw, 907px\" \/><\/a>Blisko Zakopia\u0144skiego Dworca Autobusowego i PKP, przy Rondzie Armii Krajowej, odje\u017cd\u017ca do nas\u00a0<strong>Bus nr 12 &#8211; Str\u0105\u017cyska. <\/strong>Wysiadamy przy ul. Str\u0105\u017cyskiej &#8211; na przedostatnim przystanku (\u017babi Dw\u00f3r).<\/p>\n<p>Czas przejazdu, to ok. 10 minut.<\/p>\n<p><a href=\"https:\/\/www.google.com\/maps\/dir\/Zakopane+Dworzec+PKS,+Tadeusza+Ko\u015bciuszki+25,+34-500+Zakopane,+Polska\/Dom+Rekolekcyjno-Wypoczynkowy+%22Kos\u00f3wka%22+-+Franciszkanie,+Str\u0105\u017cyska+29,+34-500+Zakopane,+Polska\/@49.2908962,19.9527417,14.99z\/am=t\/data=!4m14!4m13!1m5!1m1!1s0x4715f291ce6e5409:0xd4f7e9611c761f!2m2!1d19.960801!2d49.3000242!1m5!1m1!1s0x4715f2bae5f24fd1:0xc7b73acf5929a7f7!2m2!1d19.9426243!2d49.2821423!3e2?hl=pl-PL\"><img loading=\"lazy\" decoding=\"async\" class=\"alignnone wp-image-617\" src=\"https:\/\/zakopane.franciszkanie.pl\/wp-content\/uploads\/2016\/04\/Zrzut-ekranu-2016-09-15-o-20.04.12-300x228.png\" alt=\"zrzut-ekranu-2016-09-15-o-20-04-12\" width=\"458\" height=\"348\" srcset=\"https:\/\/zakopane.franciszkanie.pl\/wp-content\/uploads\/2016\/04\/Zrzut-ekranu-2016-09-15-o-20.04.12-300x228.png 300w, https:\/\/zakopane.franciszkanie.pl\/wp-content\/uploads\/2016\/04\/Zrzut-ekranu-2016-09-15-o-20.04.12-768x585.png 768w, https:\/\/zakopane.franciszkanie.pl\/wp-content\/uploads\/2016\/04\/Zrzut-ekranu-2016-09-15-o-20.04.12.png 909w\" sizes=\"auto, (max-width: 458px) 100vw, 458px\" \/><\/a><strong>Pieszo<\/strong> &#8211; ok. 30 minut: ul. Tadeusza Ko\u015bciuszki, ul. Krup\u00f3wki, ul. Kasprusie i ul. Str\u0105\u017cyska.<\/p>\n<p style=\"text-align: center;\"><img loading=\"lazy\" decoding=\"async\" class=\"wp-image-517 aligncenter\" src=\"https:\/\/zakopane.franciszkanie.pl\/wp-content\/uploads\/2016\/04\/Logo-Kos%C3%B3wka-288x300.png\" sizes=\"auto, (max-width: 116px) 100vw, 116px\" srcset=\"https:\/\/zakopane.franciszkanie.pl\/wp-content\/uploads\/2016\/04\/Logo-Kos%C3%B3wka-288x300.png 288x, https:\/\/zakopane.franciszkanie.pl\/wp-content\/uploads\/2016\/04\/Logo-Kos%C3%B3wka-768x801.png 768x, https:\/\/zakopane.franciszkanie.pl\/wp-content\/uploads\/2016\/04\/Logo-Kos%C3%B3wka-982x1024.png 982x, https:\/\/zakopane.franciszkanie.pl\/wp-content\/uploads\/2016\/04\/Logo-Kos%C3%B3wka.png 1599x\" alt=\"logo-kosowka\" width=\"116\" height=\"121\" \/><\/p>\n","protected":false},"excerpt":{"rendered":"<p>&nbsp; \u00a0\u00a0 ul. Str\u0105\u017cyska 29, 34-500 Zakopane Jak do nas dojecha\u0107?Blisko Zakopia\u0144skiego Dworca Autobusowego i PKP, przy Rondzie Armii Krajowej, odje\u017cd\u017ca do nas\u00a0Bus nr 12 &#8211; Str\u0105\u017cyska. Wysiadamy przy ul. Str\u0105\u017cyskiej &#8211; na przedostatnim przystanku (\u017babi Dw\u00f3r). Czas przejazdu, to ok. 10 minut. Pieszo &#8211; ok. 30 minut: ul. Tadeusza Ko\u015bciuszki, ul. Krup\u00f3wki, ul. Kasprusie &hellip; <a href=\"https:\/\/zakopane.franciszkanie.pl\/?page_id=94\" class=\"more-link\">Czytaj dalej <span class=\"screen-reader-text\">Dojazd<\/span> <span class=\"meta-nav\">&rarr;<\/span><\/a><\/p>\n","protected":false},"author":2,"featured_media":0,"parent":0,"menu_order":0,"comment_status":"closed","ping_status":"closed","template":"","meta":{"footnotes":""},"class_list":["post-94","page","type-page","status-publish","hentry"],"_links":{"self":[{"href":"https:\/\/zakopane.franciszkanie.pl\/index.php?rest_route=\/wp\/v2\/pages\/94","targetHints":{"allow":["GET"]}}],"collection":[{"href":"https:\/\/zakopane.franciszkanie.pl\/index.php?rest_route=\/wp\/v2\/pages"}],"about":[{"href":"https:\/\/zakopane.franciszkanie.pl\/index.php?rest_route=\/wp\/v2\/types\/page"}],"author":[{"embeddable":true,"href":"https:\/\/zakopane.franciszkanie.pl\/index.php?rest_route=\/wp\/v2\/users\/2"}],"replies":[{"embeddable":true,"href":"https:\/\/zakopane.franciszkanie.pl\/index.php?rest_route=%2Fwp%2Fv2%2Fcomments&post=94"}],"version-history":[{"count":20,"href":"https:\/\/zakopane.franciszkanie.pl\/index.php?rest_route=\/wp\/v2\/pages\/94\/revisions"}],"predecessor-version":[{"id":2098,"href":"https:\/\/zakopane.franciszkanie.pl\/index.php?rest_route=\/wp\/v2\/pages\/94\/revisions\/2098"}],"wp:attachment":[{"href":"https:\/\/zakopane.franciszkanie.pl\/index.php?rest_route=%2Fwp%2Fv2%2Fmedia&parent=94"}],"curies":[{"name":"wp","href":"https:\/\/api.w.org\/{rel}","templated":true}]}}